alculate the greatest common divisor of u and q.
7
Let f(c) = -c**2 + 6*c + 3*c + 3*c - 6 + 0*c. Let k be f(11). Suppose -3*i - 5*d = -160, -42 = -i - 3*d + 10. Calculate the greatest common divisor of i and k.
5
Let i = -5 + 6. Let f(p) = 5*p**2 - p. Let v be f(i). Suppose -y + v = -0. What is the greatest common divisor of 8 and y?
4
Let n be 58/3*9/3. Suppose t - 3*k = n, 3*k + 10 = -2*k. What is the highest common divisor of 13 and t?
13
Let i(l) = 2*l - 20. Let m be i(11). Calculate the highest common factor of 18 and m.
2
Let q(h) = 76*h**2 - h. Let x be q(-1). Let z = -7 + x. What is the highest common factor of z and 10?
10
Suppose -2*k - 3*v = -77, 5*k + v - 176 = -v. Calculate the greatest common factor of 51 and k.
17
Let m be -2 + -1 + 1 + 7. Suppose b - m*b = 24. Let h be b/9 - 46/(-6). What is the highest common divisor of 77 and h?
7
Let i be (-4 - 22 - -6)*-1*1. Calculate the greatest common divisor of 5 and i.
5
Let j = 89 + -54. Calculate the greatest common divisor of 5 and j.
5
Suppose -j + 30 = 4*j. Calculate the greatest common factor of 30 and j.
6
Suppose 8 = 4*h - 24. Calculate the highest common divisor of h and 56.
8
Let d be 1 - 4/(-2) - 1. Let k = 11 - d. Calculate the highest common divisor of 9 and k.
9
Let i(o) = -o**3 + 8*o**2 + 13*o - 14. Let x be i(8). Calculate the highest common divisor of 10 and x.
10
Let b(i) = 2*i**3 - 3*i**2 + 4. Let g be b(2). What is the greatest common factor of g and 8?
8
Let q = 85 + -47. Let h(y) = -28*y + 1. Let m be h(-2). Calculate the highest common divisor of m and q.
19
Suppose 11*o - 2335 = -399. What is the highest common factor of o and 22?
22
Let l be (-770)/(-8) - 2/8. Let q = -1 + 0. Let g be 3*q*(-6 + 2). What is the highest common divisor of g and l?
12
Suppose -i + 9 = 2*i. Suppose -7 = 4*l - 19. Suppose -l*t + 0*t + 9 = 0. Calculate the greatest common divisor of i and t.
3
Let n = 123 + 21. Let y be (4 + -2)/1 + 14. What is the greatest common divisor of y and n?
16
Let u be 57 - (-1)/4*0. Calculate the greatest common factor of u and 19.
19
Let m be (3/(-2))/(8/(-112)). What is the greatest common divisor of m and 84?
21
Let p(m) = -5*m - 2. Let d be p(-13). Calculate the greatest common divisor of 7 and d.
7
Let o be 2/10 + (-3)/15. Suppose o*z + 15 = 5*z. Calculate the highest common divisor of z and 12.
3
Let s be 10/(-2) + 24 + -7. Suppose -5*h + 19 - 74 = 0. Let l = h + 17. Calculate the highest common factor of l and s.
6
Let k be (-24)/1*15/(-45). Calculate the greatest common factor of k and 88.
8
Let w be (-2 - -3) + (1 - 2). Suppose u - 2 - 2 = w. Suppose -5*o + 125 = -5*t, u*o + 2*t - 3*t - 85 = 0. Calculate the greatest common factor of o and 5.
5
Let r be ((-36)/21)/((-10)/315). Let m(i) = 2*i**2 - 2*i**3 - 1 + 3*i**3 - 6*i**3. Let x be m(-1). Calculate the greatest common divisor of r and x.
6
Let i(z) = -z - 4. Let t be i(-5). Let g be ((-105)/(-12))/(t/8). What is the greatest common divisor of g and 7?
7
Suppose 6*i + 26 = 8*i. Calculate the highest common divisor of i and 143.
13
Suppose -33 = -3*k + 30. What is the greatest common divisor of 84 and k?
21
Suppose -5*t + 4*i - 5 = 0, 0*i = -2*i - 10. Let m(b) = b**3 + 4*b**2 - 6*b + 1. Let q be m(t). What is the greatest common divisor of q and 54?
6
Suppose -n + 9 = -13. Let j = 0 - 0. Let c be 8 - ((-1 - 2) + j). Calculate the highest common factor of n and c.
11
Let v = 44 + -28. What is the highest common factor of v and 16?
16
Let u(y) = -y**3 + y**2 + 2*y + 4. Let z be u(-4). Suppose -5*x = 3*q - 92, -z = -2*x - 2*x - 3*q. Calculate the greatest common factor of 8 and x.
8
Suppose -7 = -5*w + 4*w. Suppose b = w + 1. Calculate the highest common factor of 32 and b.
8
Suppose -72 - 42 = -2*y. Let k = 129 - y. What is the highest common divisor of k and 9?
9
Suppose 5*k + 2*q = 12, -q = -k + 4*q + 24. Suppose -k*z = 3*i - 84, -4*z + 6*z = -2*i + 40. Calculate the highest common divisor of z and 12.
12
Suppose -3*k = -2 - 4. Suppose -x + 15 = k*x. Let f be (75/12)/(1/4). What is the greatest common factor of f and x?
5
Suppose -3*w - 1 + 7 = 5*n, 2*n = -5*w - 9. Suppose -3*j - 30 = 5*b - 1, -2*b = -j + 5. Let v = 9 - j. What is the greatest common factor of v and n?
3
Let f be 7 + 1/(3/9). Let u be 496/10 + 2/5. Calculate the highest common divisor of u and f.
10
Let m be ((-6)/3)/(2/(-8)). Calculate the highest common divisor of m and 56.
8
Let q(x) = 11*x + 10. Let n be q(0). What is the highest common factor of n and 10?
10
Suppose 3*i - 239 = -8. Let c be 196/(-42)*3/(-2). What is the greatest common factor of c and i?
7
Suppose -4 + 0 = -c. Suppose -475 = -5*o + 5*l, 0*l - l = c*o - 400. Calculate the highest common divisor of 11 and o.
11
Let i = -19 + 34. Let v = 447 + -282. What is the greatest common divisor of v and i?
15
Let x(v) = -v**2 - 10*v + 30. Let y be x(-10). Calculate the highest common divisor of 20 and y.
10
Suppose -k + 986 = 5*f + 80, -16 = 4*k. Let t = f - 92. What is the highest common factor of t and 10?
10
Let k(j) = 54*j - 7. Let a be k(3). Let v be a - 1/(-2)*-2. What is the greatest common factor of v and 14?
14
Let n(m) = 5*m. Let u be n(4). Calculate the highest common divisor of u and 20.
20
Let h = -118 - -181. Calculate the highest common divisor of h and 9.
9
Suppose -8*s + 100 = -6*s. What is the highest common divisor of 400 and s?
50
Let z(n) = 2*n**3 - 6*n**2 - 6*n. Let f be z(5). Let s be ((-4)/6)/(1/(-33)). Let x = s - 8. What is the highest common divisor of x and f?
14
Let h = 71 + -47. Let t be 0 - (1 - 0 - 4). Calculate the highest common divisor of h and t.
3
Suppose -10*y + 48 = -42. Let t = -133 - -196. Calculate the highest common factor of y and t.
9
Let i(h) = 5*h - 10. Let f be i(7). What is the greatest common factor of f and 25?
25
Let f(s) = -s + 6. Let b be f(6). Suppose 26 = n + 2*d, -5*d + b*d = -2*n + 79. What is the greatest common factor of n and 8?
8
Let v be 10/(-25) - (-32)/5. Let t = 4 - -2. Calculate the highest common divisor of v and t.
6
Let z be (-1)/((10/14)/(-5)). Let f = z - -5. What is the highest common factor of f and 6?
6
Let d = -245 + 253. Let k be (2/(-1*2))/(-1). What is the highest common divisor of d and k?
1
Let w be (-1 + -23)*1/4*-14. Let y = -33 - -54. What is the highest common divisor of w and y?
21
Let h(o) = o + 41. Let v be h(13). What is the highest common divisor of v and 81?
27
Suppose 0 = -r + 2*w + 13, 0 = 4*r + w - 5*w - 36. Suppose 0*x + 25 = r*x. Suppose 2*j - x*j + 21 = 0. Calculate the greatest common factor of 7 and j.
7
Let c = 28 + 44. What is the highest common factor of c and 9?
9
Suppose 14*a - 384 = 10*a. Calculate the greatest common divisor of 12 and a.
12
Let h(i) = i**3 + 7*i**2 + 6*i + 4. Let a be h(-5). Let x(t) = 23*t - 3. Let f be x(3). Let k = f + -30. What is the greatest common factor of k and a?
12
Suppose -2*h - 7 = -19. Suppose -2*n + 3*n - h = 0. Let v = 33 + -21. Calculate the greatest common factor of n and v.
6
Let o(m) = 8*m + 2 - 3 + 4*m. Let a(q) = q**3 + q - 1. Let r be a(1). Let k be o(r). Calculate the highest common divisor of 88 and k.
11
Let f be -7*-9*(1 + 0). Let a(v) = -v**3 - 16*v**2 - 14*v + 22. Let t be a(-15). What is the highest common divisor of f and t?
7
Let k(n) = 2*n**2 + 14*n. Let u be k(5). What is the greatest common divisor of 15 and u?
15
Suppose 3*b = -2*b + 120. Let r(s) = s**2 - s - 3. Let k be r(3). What is the highest common divisor of k and b?
3
Let r(i) = 18*i**2 + 1. Let v be r(-1). Calculate the greatest common factor of v and 19.
19
Suppose -28*i + 23*i = -70. Suppose -5*r = -0*r. Suppose r = -0*o - o + 35. What is the greatest common factor of o and i?
7
Suppose 5*n = 6 + 114. Calculate the greatest common divisor of 16 and n.
8
Suppose 5*v + 14 = 34. Suppose -v*i + 31 = -25. Calculate the highest common factor of i and 154.
14
Let i be 248/10 + 2/10. Suppose -4*y + i = -7. What is the highest common factor of y and 64?
8
Suppose k = 5*c - 3580, 2*c - 431 - 984 = -3*k. Suppose 4*q + c = -q. Let i = q + 319. Calculate the highest common divisor of 16 and i.
16
Let m = 6 - 6. Let t(u) = -u + 242. Let h be t(m). What is the greatest common divisor of 22 and h?
22
Let g = -2 - -5. Suppose g*o + 0 = 6. Suppose -112 = -o*t - 0*t. W